s the units digit of 37407?
7
What is the tens digit of 3823?
2
What is the ten thousands digit of 95225?
9
What is the thousands digit of 2298?
2
What is the hundreds digit of 661?
6
What is the units digit of 704?
4
What is the hundreds digit of 29665?
6
What is the hundreds digit of 3123?
1
What is the hundred thousands digit of 138998?
1
What is the thousands digit of 1018?
1
What is the tens digit of 5365?
6
What is the ten thousands digit of 11386?
1
What is the thousands digit of 1679?
1
What is the tens digit of 719?
1
What is the hundreds digit of 728?
7
What is the tens digit of 2240?
4
What is the thousands digit of 11591?
1
What is the ten thousands digit of 54051?
5
What is the ten thousands digit of 102044?
0
What is the ten thousands digit of 21344?
2
What is the hundreds digit of 785?
7
What is the thousands digit of 14571?
4
What is the hundreds digit of 828?
8
What is the ten thousands digit of 24458?
2
What is the units digit of 105022?
2
What is the ten thousands digit of 19684?
1
What is the units digit of 5618?
8
What is the units digit of 16962?
2
What is the ten thousands digit of 23793?
2
What is the units digit of 412?
2
What is the thousands digit of 6939?
6
What is the tens digit of 5898?
9
What is the tens digit of 34?
3
What is the hundreds digit of 39791?
7
What is the tens digit of 1154?
5
What is the thousands digit of 18530?
8
What is the units digit of 1636?
6
What is the tens digit of 5664?
6
What is the units digit of 65?
5
What is the hundreds digit of 32032?
0
What is the ten thousands digit of 22315?
2
What is the hundreds digit of 33283?
2
What is the hundreds digit of 24237?
2
What is the hundreds digit of 3000?
0
What is the tens digit of 791?
9
What is the thousands digit of 23233?
3
What is the hundreds digit of 24057?
0
What is the units digit of 217?
7
What is the thousands digit of 20368?
0
What is the units digit of 596?
6
What is the units digit of 756?
6
What is the units digit of 21102?
2
What is the thousands digit of 7415?
7
What is the tens digit of 7081?
8
What is the hundreds digit of 8315?
3
What is the thousands digit of 3267?
3
What is the tens digit of 184?
8
What is the thousands digit of 5222?
5
What is the hundreds digit of 1925?
9
What is the hundreds digit of 12994?
9
What is the thousands digit of 3380?
3
What is the hundreds digit of 11208?
2
What is the tens digit of 1219?
1
What is the tens digit of 90947?
4
What is the units digit of 1961?
1
What is the hundreds digit of 20623?
6
What is the tens digit of 721?
2
What is the tens digit of 6531?
3
What is the thousands digit of 29189?
9
What is the units digit of 28857?
7
What is the hundreds digit of 573?
5
What is the tens digit of 1388?
8
What is the ten thousands digit of 77233?
7
What is the tens digit of 28294?
9
What is the thousands digit of 97220?
7
What is the tens digit of 998?
9
What is the tens digit of 6422?
2
What is the hundreds digit of 1235?
2
What is the ten thousands digit of 17828?
1
What is the thousands digit of 29716?
9
What is the tens digit of 273?
7
What is the thousands digit of 1414?
1
What is the ten thousands digit of 12840?
1
What is the ten thousands digit of 84008?
8
What is the units digit of 1246?
6
What is the tens digit of 84600?
0
What is the tens digit of 11026?
2
What is the hundreds digit of 326?
3
What is the hundreds digit of 1016?
0
What is the ten thousands digit of 19197?
1
What is the units digit of 12191?
1
What is the hundred thousands digit of 115232?
1
What is the hundreds digit of 29732?
7
What is the thousands digit of 76057?
6
What is the tens digit of 880?
8
What is the hundreds digit of 4235?
2
What is the tens digit of 2302?
0
What is the hundreds digit of 27189?
1
What is the tens digit of 1431?
3
What is the units digit of 3080?
0
What is the hundreds digit of 90654?
6
What is the units digit of 34823?
3
What is the hundreds digit of 36972?
9
What is the ten thousands digit of 10580?
1
What is the tens digit of 3799?
9
What is the ten thousands digit of 34310?
3
What is the tens digit of 51952?
5
What is the ten thousands digit of 65741?
6
What is the units digit of 13310?
0
What is the thousands digit of 5204?
5
What is the thousands digit of 107485?
7
What is the hundreds digit of 5832?
8
What is the hundreds digit of 1316?
3
What is the hundreds digit of 122?
1
What is the thousands digit of 5341?
5
What is the tens digit of 34429?
2
What is the tens digit of 1975?
7
What is the tens digit of 9507?
0
What is the hundreds digit of 11796?
7
What is the tens digit of 1275?
7
What is the thousands digit of 13820?
3
What is the units digit of 676?
6
What is the hundred thousands digit of 156415?
1
What is the units digit of 39379?
9
What is the units digit of 21040?
0
What is the hundreds digit of 1551?
5
What is the units digit of 748?
8
What is the ten thousands digit of 26426?
2
What is the units digit of 895?
5
What is the units digit of 711?
1
What is the thousands digit of 139253?
9
What is the ten thousands digit of 21047?
2
What is the thousands digit of 6593?
6
What is the thousands digit of 54226?
4
What is the tens digit of 36087?
8
What is the tens digit of 42702?
0
What is the hundreds digit of 3935?
9
What is the hundreds digit of 82777?
7
What is the units digit of 1375?
5
What is the thousands digit of 81255?
1
What is the units digit of 62073?
3
What is the tens digit of 35379?
7
What is the tens digit of 5129?
2
What is the units digit of 47453?
3
What is the ten thousands digit of 10435?
1
What is the thousands digit of 2579?
2
What is the units digit of 1673?
3
What is the hundreds digit of 28856?
8
What is the hundreds digit of 844?
8
What is the thousands digit of 32274?
2
What is the thousands digit of 6153?
6
What is the tens digit of 723?
2
What is the units digit of 26597?
7
What is the units digit of 46161?
1
What is the units digit of 6558?
8
What is the units digit of 27832?
2
What is the units digit of 8448?
8
What is the tens digit of 23820?
2
What is the hundreds digit of 16377?
3
What is the thousands digit of 2496?
2
What is the thousands digit of 1047?
1
What is the units digit of 4515?
5
What is the thousands digit of 4570?
4
What is the tens digit of 267?
6
What is the units digit of 7923?
3
What is the units digit of 16936?
6
What is the thousands digit of 38740?
8
What is the hundreds digit of 2205?
2
What is the ten thousands digit of 13193?
1
What is the units digit of 1281?
1
What is the thousands digit of 60673?
0
What is the tens digit of 422?
2
What is the hundreds digit of 129649?
6
What is the hundreds digit of 18372?
3
What is the units digit of 550?
0
What is the ten thousands digit of 18693?
1
What is the units digit of 346?
6
What is the hundreds digit of 19563?
5
What is the hundreds digit of 3456?
4
What is the tens digit of 2019?
1
What is the tens digit of 28993?
9
What is the tens digit of 3495?
9
What is the thousands digit of 4417?
4
What is the thousands digit of 3493?
3
What is the thousands digit of 2330?
2
What is the units digit of 1144?
4
What is the ten thousands digit of 18579?
1
What is the units digit of 6495?
5
What is the tens digit of 10414?
1
What is the units digit of 3829?
9
What is the hundreds digit of 712?
7
What is the thousands digit of 4256?
4
What is the hundreds digit of 292?
2
What is the thousands digit of 15177?
5
What is the hundreds digit of 5179?
1
What is the units digit of 533?
3
What is the thousands digit of 1179?
1
What is the units digit of 2510?
0
What is the hundreds digit of 15526?
5
What is the tens digit of 223?
2
What is the tens digit of 42026?
2
What is the thousands digit of 36040?
6
What is the ten thousands digit of 54481?
5
What is the ten thousands digit of 26211?
2
What is the tens digit of 573?
7
What is the tens digit of 2919?
1
What is the hundreds digit of 11489?
4
What is the hundreds digit of 1754?
7
What is the units digit of 7324?
4
What is the units digit of 313?
3
What is the units digit of 2454?
4
What is the tens digit of 30147?
4
What is the thousands digit of 5488?
5
What is the hundreds digit of 24004?
0
What is the thousands digit of 9243?
9
What is the hundreds digit of 3176?
1
What is the tens digit of 70624?
2
What is the units digit of 31